{"id":476,"date":"2024-12-16T15:45:01","date_gmt":"2024-12-16T14:45:01","guid":{"rendered":"https:\/\/medienfux.de\/?page_id=476"},"modified":"2024-12-18T16:48:50","modified_gmt":"2024-12-18T15:48:50","slug":"impressum","status":"publish","type":"page","link":"https:\/\/medienfux.de\/en\/impressum\/","title":{"rendered":"Legal notice"},"content":{"rendered":"<!--themify_builder_content-->\n<div id=\"themify_builder_content-476\" data-postid=\"476\" class=\"themify_builder_content themify_builder_content-476 themify_builder tf_clear\">\n                    <div  data-lazy=\"1\" class=\"module_row themify_builder_row tb_ebsu590 tb_first tf_w\">\n                        <div class=\"row_inner col_align_top tb_col_count_1 tf_box tf_rel\">\n                        <div  data-lazy=\"1\" class=\"module_column tb-column col-full tb_enn4590 first\">\n                    <!-- module text -->\n<div  class=\"module module-text tb_qoau414\" data-lazy=\"1\">\n        <div  class=\"tb_text_wrap\">\n        <p><strong>address<\/strong><br \/>Johann-Meyer-Str. 4<br \/>01097 Dresden<br \/>Germany<\/p>\n<p><strong>Represented by:<\/strong><br \/>Ms. Peg Koedel (Managing Director)<\/p>\n<p><strong>Contact:<\/strong><br \/>E-mail:\u00a0<a class=\"break-word hover:text-super hover:decoration-super dark:hover:text-superDark dark:hover:decoration-superDark underline decoration-from-font underline-offset-1 transition-all duration-300\" href=\"mailto:info@medienfux.de\" target=\"_blank\" rel=\"nofollow noopener\">info@medienfux.de<\/a><\/p>\n<p><strong>Register Court:<\/strong><br \/>Dresden District Court<\/p>\n<p><strong>Commercial register number:<\/strong><br \/>HRB 32084<\/p>\n<p><strong>Tax number:<\/strong><br \/>202\/142\/10658<\/p>\n<p><strong>VAT identification number:<\/strong><br \/>DE308317517\u00a0<\/p>\n<p>This imprint contains all required information in accordance with legal requirements.<\/p>    <\/div>\n<\/div>\n<!-- \/module text -->        <\/div>\n                        <\/div>\n        <\/div>\n        <\/div>\n<!--\/themify_builder_content-->","protected":false},"excerpt":{"rendered":"<p>AdresseJohann-Meyer-Str. 401097 DresdenDeutschland Vertreten durch:Frau Peg Koedel (Gesch\u00e4ftsf\u00fchrerin) Kontakt:E-Mail:\u00a0info@medienfux.de Registergericht:Amtsgericht Dresden Handelsregisternummer:HRB 32084 Steuernummer:202\/142\/10658 Umsatzsteuer-Identifikationsnummer:DE308317517\u00a0 Dieses Impressum enth\u00e4lt alle erforderlichen Pflichtangaben gem\u00e4\u00df den gesetzlichen Vorgaben.<\/p>","protected":false},"author":1,"featured_media":0,"parent":0,"menu_order":0,"comment_status":"closed","ping_status":"closed","template":"","meta":{"_monsterinsights_skip_tracking":false,"_monsterinsights_sitenote_active":false,"_monsterinsights_sitenote_note":"","_monsterinsights_sitenote_category":0,"footnotes":""},"class_list":["post-476","page","type-page","status-publish","hentry","has-post-title","has-post-date","has-post-category","has-post-tag","has-post-comment","has-post-author",""],"aioseo_notices":[],"builder_content":"<p><strong>Adresse<\/strong><br \/>Johann-Meyer-Str. 4<br \/>01097 Dresden<br \/>Deutschland<\/p> <p><strong>Vertreten durch:<\/strong><br \/>Frau Peg Koedel (Gesch\u00e4ftsf\u00fchrerin)<\/p> <p><strong>Kontakt:<\/strong><br \/>E-Mail:\u00a0<a href=\"mailto:info@medienfux.de\" target=\"_blank\" rel=\"nofollow noopener\">info@medienfux.de<\/a><\/p> <p><strong>Registergericht:<\/strong><br \/>Amtsgericht Dresden<\/p> <p><strong>Handelsregisternummer:<\/strong><br \/>HRB 32084<\/p> <p><strong>Steuernummer:<\/strong><br \/>202\/142\/10658<\/p> <p><strong>Umsatzsteuer-Identifikationsnummer:<\/strong><br \/>DE308317517\u00a0<\/p> <p>Dieses Impressum enth\u00e4lt alle erforderlichen Pflichtangaben gem\u00e4\u00df den gesetzlichen Vorgaben.<\/p>","_links":{"self":[{"href":"https:\/\/medienfux.de\/en\/wp-json\/wp\/v2\/pages\/476","targetHints":{"allow":["GET"]}}],"collection":[{"href":"https:\/\/medienfux.de\/en\/wp-json\/wp\/v2\/pages"}],"about":[{"href":"https:\/\/medienfux.de\/en\/wp-json\/wp\/v2\/types\/page"}],"author":[{"embeddable":true,"href":"https:\/\/medienfux.de\/en\/wp-json\/wp\/v2\/users\/1"}],"replies":[{"embeddable":true,"href":"https:\/\/medienfux.de\/en\/wp-json\/wp\/v2\/comments?post=476"}],"version-history":[{"count":4,"href":"https:\/\/medienfux.de\/en\/wp-json\/wp\/v2\/pages\/476\/revisions"}],"predecessor-version":[{"id":659,"href":"https:\/\/medienfux.de\/en\/wp-json\/wp\/v2\/pages\/476\/revisions\/659"}],"wp:attachment":[{"href":"https:\/\/medienfux.de\/en\/wp-json\/wp\/v2\/media?parent=476"}],"curies":[{"name":"wp","href":"https:\/\/api.w.org\/{rel}","templated":true}]}}

<p>AdresseJohann-Meyer-Str. 401097 DresdenDeutschland Vertreten durch:Frau Peg Koedel (Geschäftsführerin) Kontakt:E-Mail: info@medienfux.de Registergericht:Amtsgericht Dresden Handelsregisternummer:HRB 32084 Steuernummer:202/142/10658 Umsatzsteuer-Identifikationsnummer:DE308317517  Dieses Impressum enthält alle erforderlichen Pflichtangaben gemäß den gesetzlichen Vorgaben.</p>

<p><strong>Adresse</strong><br />Johann-Meyer-Str. 4<br />01097 Dresden<br />Deutschland</p> <p><strong>Vertreten durch:</strong><br />Frau Peg Koedel (Geschäftsführerin)</p> <p><strong>Kontakt:</strong><br />E-Mail: <a href="mailto:info@medienfux.de" target="_blank" rel="nofollow noopener">info@medienfux.de</a></p> <p><strong>Registergericht:</strong><br />Amtsgericht Dresden</p> <p><strong>Handelsregisternummer:</strong><br />HRB 32084</p> <p><strong>Steuernummer:</strong><br />202/142/10658</p> <p><strong>Umsatzsteuer-Identifikationsnummer:</strong><br />DE308317517 </p> <p>Dieses Impressum enthält alle erforderlichen Pflichtangaben gemäß den gesetzlichen Vorgaben.</p>
